{"id":13,"date":"2020-04-20T22:21:20","date_gmt":"2020-04-20T22:21:20","guid":{"rendered":"http:\/\/munich-guides.eu\/?page_id=13"},"modified":"2020-05-03T14:24:19","modified_gmt":"2020-05-03T14:24:19","slug":"team-leistungen","status":"publish","type":"page","link":"https:\/\/muenchen-guides.de\/?page_id=13","title":{"rendered":"Team \/ Leistungen"},"content":{"rendered":"\n<h1>Wir f\u00fchren mit Passion<\/h1>\n\n\n\n<p>Unser Team besteht aus erfahrenen, lizenzierten Stadtf\u00fchrerInnen. Wir pr\u00e4sentieren M\u00fcnchen kompetent und in vielen Sprachen. Dabei begegnen wir Ihnen und \u2028Ihren G\u00e4sten einf\u00fchlsam uns souver\u00e4n.Unser Team besteht aus erfahrenen, lizenzierten G\u00e4stef\u00fchrern\/Begleitern, die unsere Philosophie teilen. Geschichte wir lebendig und Sie bekommen Informationen aus erster Hand zu aktuellen Ereignissen und das aus neuen Perspektiven und in vielen Sprachen.<\/p>\n\n\n\n<p>Ein gepflegtes Netzwerk von Lieferanten garantiert Qualit\u00e4t und Professionalit\u00e4t. Unser Service zeichnet sich aus durch Engagement, Kreativit\u00e4t und ein hohes Ma\u00df<br>an Flexibilit\u00e4t. In enger Absprache in der Planungs- und Entwicklungsphase erarbeiten wir eine stimmige Organisation, die zu einer reibungslosen Umsetzung<br>des Programms f\u00fchrt.<\/p>\n\n\n\n<p>Mit Stolz erf\u00fcllen uns unsere Kunden-Referenzen.<\/p>\n\n\n\n<pre class=\"wp-block-preformatted\"><\/pre>\n","protected":false},"excerpt":{"rendered":"<p>Wir f\u00fchren mit Passion Unser Team besteht aus erfahrenen, lizenzierten Stadtf\u00fchrerInnen. Wir pr\u00e4sentieren M\u00fcnchen kompetent und in vielen Sprachen. Dabei begegnen wir Ihnen und \u2028Ihren G\u00e4sten einf\u00fchlsam uns souver\u00e4n.Unser Team besteht aus erfahrenen, lizenzierten G\u00e4stef\u00fchrern\/Begleitern, die unsere Philosophie teilen. Geschichte wir lebendig und Sie bekommen Informationen aus erster Hand zu aktuellen Ereignissen und das aus [&hellip;]<\/p>\n","protected":false},"author":1,"featured_media":26,"parent":19,"menu_order":0,"comment_status":"closed","ping_status":"closed","template":"the-team.php","meta":[],"_links":{"self":[{"href":"https:\/\/muenchen-guides.de\/index.php?rest_route=\/wp\/v2\/pages\/13"}],"collection":[{"href":"https:\/\/muenchen-guides.de\/index.php?rest_route=\/wp\/v2\/pages"}],"about":[{"href":"https:\/\/muenchen-guides.de\/index.php?rest_route=\/wp\/v2\/types\/page"}],"author":[{"embeddable":true,"href":"https:\/\/muenchen-guides.de\/index.php?rest_route=\/wp\/v2\/users\/1"}],"replies":[{"embeddable":true,"href":"https:\/\/muenchen-guides.de\/index.php?rest_route=%2Fwp%2Fv2%2Fcomments&post=13"}],"version-history":[{"count":4,"href":"https:\/\/muenchen-guides.de\/index.php?rest_route=\/wp\/v2\/pages\/13\/revisions"}],"predecessor-version":[{"id":353,"href":"https:\/\/muenchen-guides.de\/index.php?rest_route=\/wp\/v2\/pages\/13\/revisions\/353"}],"up":[{"embeddable":true,"href":"https:\/\/muenchen-guides.de\/index.php?rest_route=\/wp\/v2\/pages\/19"}],"wp:featuredmedia":[{"embeddable":true,"href":"https:\/\/muenchen-guides.de\/index.php?rest_route=\/wp\/v2\/media\/26"}],"wp:attachment":[{"href":"https:\/\/muenchen-guides.de\/index.php?rest_route=%2Fwp%2Fv2%2Fmedia&parent=13"}],"curies":[{"name":"wp","href":"https:\/\/api.w.org\/{rel}","templated":true}]}}